)?
2, 3
Let x be 18/24 + 268/(-16). Let k = 27 + x. What are the prime factors of k?
11
Let c = 1899 + -754. List the prime factors of c.
5, 229
Let q(t) = 9*t**2 - 144*t**3 + 145*t**3 + 1 + 0*t**2 - 2*t. Let a = -15 - -6. List the prime factors of q(a).
19
Let a(u) be the first derivative of u**4/4 + 10*u**3/3 - u**2/2 - 9*u - 5. Let q be a(-10). Let h = 4 + q. What are the prime factors of h?
5
Let f = -19 + 21. Let q(u) = -8*u - u**2 - f*u + u**2 - u**2. List the prime factors of q(-4).
2, 3
Suppose 2*n = z - 282, 0 = -4*z + 8*z - n - 1156. What are the prime factors of z?
2, 5, 29
Let u(v) = -33*v**2 + 3*v + 5. Let o(n) = 2*n - 5. Let h be o(0). Let d be u(h). What are the prime factors of d/(-35) - 1/(-7)?
2, 3
Let w(p) = p**2 - 2*p - 42. List the prime factors of w(-20).
2, 199
Suppose 3*y - 5*m - 527 = 0, -2*y - 2*y + 700 = -4*m. Suppose 2*l - y = -40. List the prime factors of l.
67
Suppose p + 0 = 3. Suppose -2*c - 4*i + 71 = -9*i, -5*c + 152 = -4*i. Suppose -p*t - t + c = 0. List the prime factors of t.
7
Let p = -117 + 134. Let k(h) = h**3 - 15*h**2 - 25*h + 13. List the prime factors of k(p).
2, 83
Let y(m) = 7*m**3 - 2*m**2 + 6*m - 3. Let b = 33 + -30. Let u be y(b). Suppose 5*l - 5*i = 310, 3*l = -i - 0*i + u. List the prime factors of l.
2, 31
Let i(z) = 2*z**2 - z + 1. Let r be i(0). What are the prime factors of -361*(-7)/14 + r/(-2)?
2, 3, 5
Suppose -g - 2 = -25. Suppose 3*t - 38 = -5*x, 3*t - g = 3*x + 7. What are the prime factors of t?
11
Let s(g) be the third derivative of g**6/120 + g**5/60 + g**4/12 + 11*g**3/3 - 3*g**2. What are the prime factors of s(0)?
2, 11
Suppose 59*v - 71*v + 38424 = 0. What are the prime factors of v?
2, 1601
Suppose 4 = -2*d - 5*y, -2*d + 7*d + 2*y = 11. Suppose l - 4 = -d*r, 2*r - 4*l = -0*r + 12. What are the prime factors of (22/11)/(r/4)?
2
What are the prime factors of 1624/6 + (-32)/48?
2, 3, 5
Suppose -3*k + 13152 = -3*j, 2*j + 9683 + 3467 = 3*k. List the prime factors of k.
2, 7, 313
Suppose 0 = -3*x - 3*b + 48, -4*b = x - 5*b - 10. Suppose -x = 5*n + 32. Let s(y) = y**2 + 7*y - 1. List the prime factors of s(n).
17
Let y(f) = 6*f**2 - 15*f + 139. What are the prime factors of y(-12)?
7, 13
Let f be (-59)/118 + (-2)/4. Let z(b) = -2 + 4*b + 30*b**2 - 5*b + 42*b**2. What are the prime factors of z(f)?
71
Let g = 36 - -156. What are the prime factors of g?
2, 3
Let r(b) = -197*b + 21. What are the prime factors of r(-1)?
2, 109
Suppose q - 5*m - 16 = -0*m, 4*q + m = 1. What are the prime factors of q/(15/1011) - (-3)/5?
2, 17
Suppose 2*b + 7*p - 10*p - 10441 = 0, 26080 = 5*b - 3*p. What are the prime factors of b?
13, 401
Suppose 827*x = 814*x + 1248. Suppose 0 = -3*q + q. Suppose q*d = -2*d + x. List the prime factors of d.
2, 3
List the prime factors of (-1 - 3362/(-8)) + 135/180.
2, 3, 5, 7
Let m = 51 - -1084. What are the prime factors of m?
5, 227
Let a be (2 + 0)*(-21 - -20). What are the prime factors of 3/a*(-152)/3?
2, 19
Suppose 11*y - 18*y + 210 = 0. What are the prime factors of y?
2, 3, 5
Suppose -6*v = -v + 380. Let k = v + 227. What are the prime factors of k?
151
Let g be 6*10/12*3. Suppose -3*v = -5*h - 49 + 6, 0 = 5*v - 3*h - 45. List the prime factors of 130/g - (-2)/v.
3
Suppose 4*k - 3466 = 1134. List the prime factors of k.
2, 5, 23
Suppose -10*t - 546 = -3*t. What are the prime factors of (t/(-18))/(-2 + (-110)/(-54))?
3, 13
Suppose 2*b = 4*b - 14. Let g(h) = h**3 - 2*h**2 + 2*h + 1. Let x be g(0). List the prime factors of b*x/((-21)/(-9)).
3
Suppose 0 = 3*b - 4*b + 5*p + 283, 4*b + p - 1027 = 0. Let c = b - 117. What are the prime factors of c?
3, 47
Suppose -60 = -2*j - 2*j. Let o be 1 + -1 - j*-2. List the prime factors of 20/o + (-82)/(-3).
2, 7
Let q(s) = 2*s**2 + 7*s + 11. Let n(l) = -l + 6. Let g be n(-3). What are the prime factors of q(g)?
2, 59
Suppose 0 = -2*i + 6 + 2. Suppose o - i*o = -15. List the prime factors of o.
5
Let d(l) = -l**3 + 5*l**2 - 2. Let x be d(4). What are the prime factors of (x - 30)/((-4)/(-3) + -2)?
2, 3
Suppose 0 = -5*m + m + l + 201, -2*m = -5*l - 105. Suppose 3*v - 159 = -4*g, -m = -2*g + 4*v + 46. List the prime factors of g.
2, 3, 7
Let n(b) = -b**2 - 9*b - 12. Let p be n(-8). What are the prime factors of p/5*190/(-4)?
2, 19
List the prime factors of (-5 - (-6 + (-1015)/7))*13.
2, 13, 73
Suppose r - 15 = -s + 5, 0 = 3*r + 4*s - 58. List the prime factors of r.
2, 11
Let x = -2707 + 3895. What are the prime factors of x?
2, 3, 11
Suppose 12*h - 8 = 11*h. Let b(l) = 3*l - h*l + 3*l + 4 + 3*l. List the prime factors of b(13).
17
What are the prime factors of (-30)/5 - 1*-38?
2
Let v(x) = -x**3 - 7*x**2 - 10*x - 12. Let z be v(-6). List the prime factors of ((-48)/5)/(z/(-80)).
2
Suppose -40 + 142 = 2*m. Suppose -m - 1 = -2*p. What are the prime factors of p?
2, 13
Let n(j) = -16*j + 2. Let m be n(-4). Let k be 163/11 + 12/m. Suppose t + 2*t - k = 0. List the prime factors of t.
5
Suppose -f - 15 = -112. Suppose 4*y - f = -2*q + 303, 5*q - 1006 = -4*y. What are the prime factors of q?
2, 101
Let c(d) = -d**2 - 4*d + 7. Let n be c(-5). Suppose 151 = 2*b - n*g - 19, 5*b + 4*g - 407 = 0. List the prime factors of b.
83
Let d = -2616 - -4810. List the prime factors of d.
2, 1097
Let x be 8/12*6 - 4. Suppose 0 = -4*s - x*u + 2*u + 8, 3*u + 12 = -4*s. Suppose 4*p - 119 - 129 = s. What are the prime factors of p?
2, 31
Suppose -34 = -2*z - 2*w - 2*w, 4*z - 18 = 2*w. Suppose -z*k - 5 = -2*k. What are the prime factors of 12/(-8)*(-9 + k)?
3, 5
What are the prime factors of (1 - 671)*(-38)/76?
5, 67
Let s(n) = n**2 - 3*n + 17. Let z be s(-5). Suppose 3*r - 33 = -3*d - 0*d, -5*r + 16 = 2*d. Suppose -d = q - z. List the prime factors of q.
2, 11
Suppose 3*d + 1 = -0*p - 5*p, 0 = d - 5*p - 13. Let r = -13 + 19. Suppose -z + d = r*a - 2*a, 0 = 3*z + 2*a - 19. List the prime factors of z.
7
Let i be ((-5)/5 - 1)/((-2)/109). Let l = i + 36. What are the prime factors of l?
5, 29
Suppose 182712 = 10*w + 36*w. What are the prime factors of w?
2, 3, 331
Let k(m) = -337*m + 174. List the prime factors of k(-4).
2, 761
Suppose -4*q = x - 2499, -2*x = q - x - 624. What are the prime factors of q?
5
Let p = 439 - 273. Suppose 2*r - 260 = -3*g + r, 0 = -2*g + 3*r + p. List the prime factors of g.
2, 43
Suppose -9558 = -5*w - 1483. What are the prime factors of w?
5, 17, 19
Let i be ((-161)/42)/((-1)/6). Suppose 246 = i*k - 17*k. List the prime factors of k.
41
Let f = -8 - 0. Let d be (-30)/40 + (-38)/f. Suppose -o - 4*l = -55, -o + l = -d*l - 10. List the prime factors of o.
5, 7
Suppose 0 = -9*t + 4*t + 15. List the prime factors of (20 + -3 + 1)*t.
2, 3
Suppose -2*m = -f - 9, -3*f + 4*f + 19 = 4*m. Let v(u) = 40*u**2 + u - 1. What are the prime factors of v(f)?
2, 5
Let p be (3*-5)/(-5) + 3. Suppose 7*g = p*g + 58. What are the prime factors of g?
2, 29
Let a be (-13)/26 + 25/(-2). Let x = -18 - a. List the prime factors of (16/5)/((-1)/x).
2
Suppose 4*p + 5*n = 489, -8*p - 237 = -10*p - 5*n. List the prime factors of p.
2, 3, 7
Let r = 25 - 16. Let b(v) = 3*v**2 + 5*v + 33. What are the prime factors of b(r)?
3, 107
Suppose -40*v - 20425 = -59*v. What are the prime factors of v?
5, 43
List the prime factors of (36 - 6)/(8 + (-1341)/168).
2, 3, 5, 7
Let d(z) = -z**3 - z**2 - 10*z - 8. Suppose -5*o - 2 = 3*v, -5*o + 2 = 2*v - 0*o. What are the prime factors of d(v)?
2, 5
Let y(u) = u**3 - 3*u**2 + 11*u - 13. Let b be (2/2)/1 + -6 + 11. List the prime factors of y(b).
7, 23
Let y(n) = -n**3 + 20*n**2 - 4*n - 107. What are the prime factors of y(16)?
853
Let x(k) = -15*k + 17. Suppose 22*v = 30*v + 64. What are the prime factors of x(v)?
137
Let k(i) = 3*i**3 + 11*i - 45. Let v(t) = t**3 + 4*t - 15. Let r(a) = -6*k(a) + 17*v(a). List the prime factors of r(0).
3, 5
Suppose 0*g + 3*g - 15 = 0. Suppose 0 = g*q - 9*q + 224. Let z = 105 - q. List the prime factors of z.
7
Let l = 301 - 180. Suppose 110 + l = -7*v. What are the prime factors of 1 + (-11)/(v/18)?
7
Suppose o - 17 = 5*o - 5*b, 5*o + 20 = 5*b. What are the prime factors of o - 2696/(-28) - (-2)/(-7)?
3, 31
Let j = 1541 + -876. List the prime factors of j.
5, 7, 19
Let u(p) = 605*p**3 + 9*p**2 - 20*p - 1. List the prime factors of u(2).
5, 967
Let m(d) = -d**2 + 36*d - 28. What are the p